{"id":11077,"date":"2023-03-03T08:22:30","date_gmt":"2023-03-03T07:22:30","guid":{"rendered":"https:\/\/ambar.com\/tienda\/?page_id=11077"},"modified":"2025-06-19T09:29:59","modified_gmt":"2025-06-19T07:29:59","slug":"registro","status":"publish","type":"page","link":"https:\/\/ambar.com\/tienda\/registro\/","title":{"rendered":"Registro"},"content":{"rendered":"<p>[et_pb_section fb_built=\u00bb1&#8243; module_class=\u00bbregister\u00bb _builder_version=\u00bb4.21.0&#8243; _module_preset=\u00bbdefault\u00bb background_color=\u00bb#b11730&#8243; da_disable_devices=\u00bboff|off|off\u00bb global_colors_info=\u00bb{}\u00bb theme_builder_area=\u00bbpost_content\u00bb da_is_popup=\u00bboff\u00bb da_exit_intent=\u00bboff\u00bb da_has_close=\u00bbon\u00bb da_alt_close=\u00bboff\u00bb da_dark_close=\u00bboff\u00bb da_not_modal=\u00bbon\u00bb da_is_singular=\u00bboff\u00bb da_with_loader=\u00bboff\u00bb da_has_shadow=\u00bbon\u00bb][et_pb_row column_structure=\u00bb1_2,1_2&#8243; use_custom_gutter=\u00bbon\u00bb gutter_width=\u00bb1&#8243; make_equal=\u00bbon\u00bb _builder_version=\u00bb4.21.0&#8243; _module_preset=\u00bbdefault\u00bb custom_margin=\u00bb||||false|false\u00bb global_colors_info=\u00bb{}\u00bb theme_builder_area=\u00bbpost_content\u00bb][et_pb_column type=\u00bb1_2&#8243; _builder_version=\u00bb4.21.0&#8243; _module_preset=\u00bbdefault\u00bb background_color=\u00bb#FFFFFF\u00bb custom_padding=\u00bb||||false|false\u00bb border_style_all=\u00bbnone\u00bb global_colors_info=\u00bb{}\u00bb theme_builder_area=\u00bbpost_content\u00bb][et_pb_text admin_label=\u00bbTexto\u00bb module_class=\u00bbcustom-register-form\u00bb _builder_version=\u00bb4.21.0&#8243; _module_preset=\u00bbdefault\u00bb text_text_color=\u00bb#FFFFFF\u00bb global_colors_info=\u00bb{}\u00bb theme_builder_area=\u00bbpost_content\u00bb]<\/p>\n<h2>Crea tu cuenta<\/h2>\n<div class=\"woocommerce-notices-wrapper\"><\/div><form method=\"post\" class=\"woocommerce-form woocommerce-form-register register\" >\n\t\n\t<p class=\"woocommerce-form-row woocommerce-form-row--wide form-row form-row-wide\">\n\t\t<label for=\"reg_email\">Direcci\u00f3n de correo electr\u00f3nico\t\t\t<span class=\"required\">*<\/span><\/label>\n\t\t<input type=\"email\"\n\t\t\tclass=\"woocommerce-Input woocommerce-Input--text input-text\"\n\t\t\tname=\"email\" id=\"reg_email\"\n\t\t\tautocomplete=\"email\"\n            value=\"\"\/>\t<\/p>\n\n\t\n\t\t<p class=\"woocommerce-form-row woocommerce-form-row--wide form-row form-row-wide\">\n\t\t\t<label for=\"reg_password\">Contrase\u00f1a\t\t\t\t<span class=\"required\">*<\/span><\/label>\n\t\t\t<input type=\"password\"\n\t\t\t\tclass=\"woocommerce-Input woocommerce-Input--text input-text\"\n\t\t\t\tname=\"password\"\n\t\t\t\tid=\"reg_password\"\n\t\t\t\tautocomplete=\"new-password\"\/>\n\t\t<\/p>\n<p>\n    <label for=\"reg_password\">Provincia        <span class=\"required\">*<\/span><\/label>\n        <select class=\"wpcf7-form-control wpcf7-select\" aria-invalid=\"false\" name=\"billing_state\"><option value=\"A Coru\u00f1a\">A Coru\u00f1a<\/option><option value=\"\u00c1lava\">\u00c1lava<\/option><option value=\"Albacete\">Albacete<\/option><option value=\"Alicante\">Alicante<\/option><option value=\"Almer\u00eda\">Almer\u00eda<\/option><option value=\"Asturias\">Asturias<\/option><option value=\"\u00c1vila\">\u00c1vila<\/option><option value=\"Badajoz\">Badajoz<\/option><option value=\"Baleares\">Baleares<\/option><option value=\"Barcelona\">Barcelona<\/option><option value=\"Burgos\">Burgos<\/option><option value=\"C\u00e1ceres\">C\u00e1ceres<\/option><option value=\"C\u00e1diz\">C\u00e1diz<\/option><option value=\"Cantabria\">Cantabria<\/option><option value=\"Castell\u00f3n\">Castell\u00f3n<\/option><option value=\"Ciudad Real\">Ciudad Real<\/option><option value=\"C\u00f3rdoba\">C\u00f3rdoba<\/option><option value=\"Cuenca\">Cuenca<\/option><option value=\"Girona\">Girona<\/option><option value=\"Granada\">Granada<\/option><option value=\"Guadalajara\">Guadalajara<\/option><option value=\"Gipuzkoa\">Gipuzkoa<\/option><option value=\"Huelva\">Huelva<\/option><option value=\"Huesca\">Huesca<\/option><option value=\"Ja\u00e9n\">Ja\u00e9n<\/option><option value=\"La Rioja\">La Rioja<\/option><option value=\"Las Palmas\">Las Palmas<\/option><option value=\"Le\u00f3n\">Le\u00f3n<\/option><option value=\"L\u00e9rida\">L\u00e9rida<\/option><option value=\"Lugo\">Lugo<\/option><option value=\"Madrid\">Madrid<\/option><option value=\"M\u00e1laga\">M\u00e1laga<\/option><option value=\"Murcia\">Murcia<\/option><option value=\"Navarra\">Navarra<\/option><option value=\"Ourense\">Ourense<\/option><option value=\"Palencia\">Palencia<\/option><option value=\"Pontevedra\">Pontevedra<\/option><option value=\"Salamanca\">Salamanca<\/option><option value=\"Segovia\">Segovia<\/option><option value=\"Sevilla\">Sevilla<\/option><option value=\"Soria\">Soria<\/option><option value=\"Tarragona\">Tarragona<\/option><option value=\"Santa Cruz de Tenerife\">Santa Cruz de Tenerife<\/option><option value=\"Teruel\">Teruel<\/option><option value=\"Toledo\">Toledo<\/option><option value=\"Valencia\">Valencia<\/option><option value=\"Valladolid\">Valladolid<\/option><option value=\"Vizcaya\">Vizcaya<\/option><option value=\"Zamora\">Zamora<\/option><option value=\"Zaragoza\">Zaragoza<\/option><\/select>\n<\/p>\n\t\n\t<wc-order-attribution-inputs><\/wc-order-attribution-inputs><div class=\"woocommerce-privacy-policy-text\"><p><strong>Informaci\u00f3n sobre el tratamiento de sus datos personales<\/strong><\/p>\n<p><strong>Responsable:<\/strong> Agora, SA<\/p>\n<p><strong>Finalidad:<\/strong> gestionar su cuenta de usuario en Ambiciosas donde poder controlar sus pedidos, gestionar tus direcciones de env\u00edo y facturaci\u00f3n y mejorar su experiencia de compra de cervezas Ambar Ambiciosas. Asimismo, cuando lo consienta espec\u00edficamente, le enviaremos informaci\u00f3n sobre noticias cerveceras, nuevos lanzamientos, eventos y promociones de Ambar, para lo que podremos elaborar perfiles o segmentar los env\u00edos para que sean m\u00e1s personalizados.<\/p>\n<p><strong>M\u00e1s informaci\u00f3n y ejercicio de derechos:<\/strong> podr\u00e1 solicitar m\u00e1s informaci\u00f3n sobre el tratamiento de sus datos personales, as\u00ed como ejercer sus derechos de acceso, rectificaci\u00f3n, supresi\u00f3n, portabilidad, limitaci\u00f3n u oposici\u00f3n conforme indicamos en nuestra <a title=\"Pol\u00edtica de Privacidad\" href=\"http:\/\/www.agoragrupo.com\/politica-de-privacidad\/\" target=\"_blank\">Pol\u00edtica de Privacidad<\/a> enviando un correo electr\u00f3nico a <a href=\"mailto:dpo@agoragp.com?\" target=\"_top\">dpo@agoragp.com.<\/a>.<\/p>\n<p><span class=\"disclaimer-view-more\">Ver m\u00e1s<\/span><\/p>\n<\/div>    <div class=\"woocommerce-terms-and-conditions-wrapper\">\n        <p class=\"form-row validate-required\">\n            <label class=\"woocommerce-form__label woocommerce-form__label-for-checkbox checkbox checkbox-w-checkmark\">\n                <input type=\"checkbox\" class=\"woocommerce-form__input woocommerce-form__input-checkbox input-checkbox\"\n                       name=\"privacy_policy\" id=\"privacy_policy\"\/>\n                <span class=\"checkmark\"><\/span>\n                <span class=\"woocommerce-terms-and-conditions-checkbox-text\">Declaro ser mayor de 18 a\u00f1os y acepto el tratamiento de mis datos conforme a la finalidad informada y de acuerdo al <a href=\"\/en\/legal-warning\" target=\"_blank\">Aviso legal<\/a> y las <a href=\"\/privacy-policy\" target=\"_blank\">Pol\u00edtica de privacidad<\/a><\/span>&nbsp;<span\n                        class=\"required\">*<\/span>\n            <\/label>\n        <\/p>\n        <p class=\"form-row validate-required\" id=\"promo_policy_field\" data-priority=\"\"><span\n                    class=\"woocommerce-input-wrapper\">\n                <label class=\"checkbox woocommerce-form__label woocommerce-form__label-for-checkbox checkbox checkbox-w-checkmark\">\n                    <input type=\"checkbox\"\n                           class=\"input-checkbox woocommerce-form__input woocommerce-form__input-checkbox input-checkbox\"\n                           name=\"promo_policy\" id=\"promo_policy\" value=\"1\"\/>\n                    <span class=\"checkmark\"><\/span>\n                    <span class=\"woocommerce-promo-policy-checkbox-text\">Quiero recibir novedades cerveceras, nuevos lanzamientos, eventos y promociones especiales en Ambar.<\/span>\n                <\/label>\n        <\/p>\n    <\/div>\n\t\n\t<p class=\"woocommerce-FormRow form-row\">\n\t\t<input type=\"hidden\" id=\"woocommerce-register-nonce\" name=\"woocommerce-register-nonce\" value=\"99180a0770\" \/>        <input type=\"hidden\" name=\"redirect\" value=\"https:\/\/ambar.com\/tienda\/mi-cuenta\/\" \/>\n\t\t<button type=\"submit\"\n\t\t\t\tclass=\"woocommerce-Button woocommerce-button button woocommerce-form-register__submit\"\n\t\t\t\tname=\"register\"\n\t\t\t\tvalue=\"Registrarse\">Registrarse<\/button>\n\t<\/p>\n\n\t\n<\/form>\n\n<p>[\/et_pb_text][\/et_pb_column][et_pb_column type=\u00bb1_2&#8243; _builder_version=\u00bb4.21.0&#8243; _module_preset=\u00bbdefault\u00bb background_image=\u00bbhttps:\/\/ambar.com\/tienda\/wp-content\/uploads\/2023\/03\/Lata-Ambar-Especial-1.png\u00bb global_colors_info=\u00bb{}\u00bb theme_builder_area=\u00bbpost_content\u00bb][\/et_pb_column][\/et_pb_row][\/et_pb_section]<\/p>\n","protected":false},"excerpt":{"rendered":"<p>Crea tu cuenta <div class=\"woocommerce-notices-wrapper\"><\/div><form method=\"post\" class=\"woocommerce-form woocommerce-form-register register\" >\n\t\n\t<p class=\"woocommerce-form-row woocommerce-form-row--wide form-row form-row-wide\">\n\t\t<label for=\"reg_email\">Direcci\u00f3n de correo electr\u00f3nico\t\t\t<span class=\"required\">*<\/span><\/label>\n\t\t<input type=\"email\"\n\t\t\tclass=\"woocommerce-Input woocommerce-Input--text input-text\"\n\t\t\tname=\"email\" id=\"reg_email\"\n\t\t\tautocomplete=\"email\"\n            value=\"\"\/>\t<\/p>\n\n\t\n\t\t<p class=\"woocommerce-form-row woocommerce-form-row--wide form-row form-row-wide\">\n\t\t\t<label for=\"reg_password\">Contrase\u00f1a\t\t\t\t<span class=\"required\">*<\/span><\/label>\n\t\t\t<input type=\"password\"\n\t\t\t\tclass=\"woocommerce-Input woocommerce-Input--text input-text\"\n\t\t\t\tname=\"password\"\n\t\t\t\tid=\"reg_password\"\n\t\t\t\tautocomplete=\"new-password\"\/>\n\t\t<\/p>\n<p>\n    <label for=\"reg_password\">Provincia        <span class=\"required\">*<\/span><\/label>\n        <select class=\"wpcf7-form-control wpcf7-select\" aria-invalid=\"false\" name=\"billing_state\"><option value=\"A Coru\u00f1a\">A Coru\u00f1a<\/option><option value=\"\u00c1lava\">\u00c1lava<\/option><option value=\"Albacete\">Albacete<\/option><option value=\"Alicante\">Alicante<\/option><option value=\"Almer\u00eda\">Almer\u00eda<\/option><option value=\"Asturias\">Asturias<\/option><option value=\"\u00c1vila\">\u00c1vila<\/option><option value=\"Badajoz\">Badajoz<\/option><option value=\"Baleares\">Baleares<\/option><option value=\"Barcelona\">Barcelona<\/option><option value=\"Burgos\">Burgos<\/option><option value=\"C\u00e1ceres\">C\u00e1ceres<\/option><option value=\"C\u00e1diz\">C\u00e1diz<\/option><option value=\"Cantabria\">Cantabria<\/option><option value=\"Castell\u00f3n\">Castell\u00f3n<\/option><option value=\"Ciudad Real\">Ciudad Real<\/option><option value=\"C\u00f3rdoba\">C\u00f3rdoba<\/option><option value=\"Cuenca\">Cuenca<\/option><option value=\"Girona\">Girona<\/option><option value=\"Granada\">Granada<\/option><option value=\"Guadalajara\">Guadalajara<\/option><option value=\"Gipuzkoa\">Gipuzkoa<\/option><option value=\"Huelva\">Huelva<\/option><option value=\"Huesca\">Huesca<\/option><option value=\"Ja\u00e9n\">Ja\u00e9n<\/option><option value=\"La Rioja\">La Rioja<\/option><option value=\"Las Palmas\">Las Palmas<\/option><option value=\"Le\u00f3n\">Le\u00f3n<\/option><option value=\"L\u00e9rida\">L\u00e9rida<\/option><option value=\"Lugo\">Lugo<\/option><option value=\"Madrid\">Madrid<\/option><option value=\"M\u00e1laga\">M\u00e1laga<\/option><option value=\"Murcia\">Murcia<\/option><option value=\"Navarra\">Navarra<\/option><option value=\"Ourense\">Ourense<\/option><option value=\"Palencia\">Palencia<\/option><option value=\"Pontevedra\">Pontevedra<\/option><option value=\"Salamanca\">Salamanca<\/option><option value=\"Segovia\">Segovia<\/option><option value=\"Sevilla\">Sevilla<\/option><option value=\"Soria\">Soria<\/option><option value=\"Tarragona\">Tarragona<\/option><option value=\"Santa Cruz de Tenerife\">Santa Cruz de Tenerife<\/option><option value=\"Teruel\">Teruel<\/option><option value=\"Toledo\">Toledo<\/option><option value=\"Valencia\">Valencia<\/option><option value=\"Valladolid\">Valladolid<\/option><option value=\"Vizcaya\">Vizcaya<\/option><option value=\"Zamora\">Zamora<\/option><option value=\"Zaragoza\">Zaragoza<\/option><\/select>\n<\/p>\n\t\n\t<wc-order-attribution-inputs><\/wc-order-attribution-inputs><div class=\"woocommerce-privacy-policy-text\"><p><strong>Informaci\u00f3n sobre el tratamiento de sus datos personales<\/strong><\/p>\n<p><strong>Responsable:<\/strong> Agora, SA<\/p>\n<p><strong>Finalidad:<\/strong> gestionar su cuenta de usuario en Ambiciosas donde poder controlar sus pedidos, gestionar tus direcciones de env\u00edo y facturaci\u00f3n y mejorar su experiencia de compra de cervezas Ambar Ambiciosas. Asimismo, cuando lo consienta espec\u00edficamente, le enviaremos informaci\u00f3n sobre noticias cerveceras, nuevos lanzamientos, eventos y promociones de Ambar, para lo que podremos elaborar perfiles o segmentar los env\u00edos para que sean m\u00e1s personalizados.<\/p>\n<p><strong>M\u00e1s informaci\u00f3n y ejercicio de derechos:<\/strong> podr\u00e1 solicitar m\u00e1s informaci\u00f3n sobre el tratamiento de sus datos personales, as\u00ed como ejercer sus derechos de acceso, rectificaci\u00f3n, supresi\u00f3n, portabilidad, limitaci\u00f3n u oposici\u00f3n conforme indicamos en nuestra <a title=\"Pol\u00edtica de Privacidad\" href=\"http:\/\/www.agoragrupo.com\/politica-de-privacidad\/\" target=\"_blank\">Pol\u00edtica de Privacidad<\/a> enviando un correo electr\u00f3nico a <a href=\"mailto:dpo@agoragp.com?\" target=\"_top\">dpo@agoragp.com.<\/a>.<\/p>\n<p><span class=\"disclaimer-view-more\">Ver m\u00e1s<\/span><\/p>\n<\/div>    <div class=\"woocommerce-terms-and-conditions-wrapper\">\n        <p class=\"form-row validate-required\">\n            <label class=\"woocommerce-form__label woocommerce-form__label-for-checkbox checkbox checkbox-w-checkmark\">\n                <input type=\"checkbox\" class=\"woocommerce-form__input woocommerce-form__input-checkbox input-checkbox\"\n                       name=\"privacy_policy\" id=\"privacy_policy\"\/>\n                <span class=\"checkmark\"><\/span>\n                <span class=\"woocommerce-terms-and-conditions-checkbox-text\">Declaro ser mayor de 18 a\u00f1os y acepto el tratamiento de mis datos conforme a la finalidad informada y de acuerdo al <a href=\"\/en\/legal-warning\" target=\"_blank\">Aviso legal<\/a> y las <a href=\"\/privacy-policy\" target=\"_blank\">Pol\u00edtica de privacidad<\/a><\/span>&nbsp;<span\n                        class=\"required\">*<\/span>\n            <\/label>\n        <\/p>\n        <p class=\"form-row validate-required\" id=\"promo_policy_field\" data-priority=\"\"><span\n                    class=\"woocommerce-input-wrapper\">\n                <label class=\"checkbox woocommerce-form__label woocommerce-form__label-for-checkbox checkbox checkbox-w-checkmark\">\n                    <input type=\"checkbox\"\n                           class=\"input-checkbox woocommerce-form__input woocommerce-form__input-checkbox input-checkbox\"\n                           name=\"promo_policy\" id=\"promo_policy\" value=\"1\"\/>\n                    <span class=\"checkmark\"><\/span>\n                    <span class=\"woocommerce-promo-policy-checkbox-text\">Quiero recibir novedades cerveceras, nuevos lanzamientos, eventos y promociones especiales en Ambar.<\/span>\n                <\/label>\n        <\/p>\n    <\/div>\n\t\n\t<p class=\"woocommerce-FormRow form-row\">\n\t\t<input type=\"hidden\" id=\"woocommerce-register-nonce\" name=\"woocommerce-register-nonce\" value=\"99180a0770\" \/>        <input type=\"hidden\" name=\"redirect\" value=\"https:\/\/ambar.com\/tienda\/mi-cuenta\/\" \/>\n\t\t<button type=\"submit\"\n\t\t\t\tclass=\"woocommerce-Button woocommerce-button button woocommerce-form-register__submit\"\n\t\t\t\tname=\"register\"\n\t\t\t\tvalue=\"Registrarse\">Registrarse<\/button>\n\t<\/p>\n\n\t\n<\/form>\n<\/p>\n","protected":false},"author":1,"featured_media":0,"parent":0,"menu_order":0,"comment_status":"closed","ping_status":"closed","template":"","meta":{"_acf_changed":false,"_et_pb_use_builder":"on","_et_pb_old_content":"","_et_gb_content_width":"","footnotes":""},"class_list":["post-11077","page","type-page","status-publish","hentry"],"acf":[],"yoast_head":"<!-- This site is optimized with the Yoast SEO plugin v27.3 - https:\/\/yoast.com\/product\/yoast-seo-wordpress\/ -->\n<title>Registro | Tienda de cervezas online<\/title>\n<meta name=\"robots\" content=\"index, nofollow, max-snippet:-1, max-image-preview:large, max-video-preview:-1\" \/>\n<link rel=\"canonical\" href=\"https:\/\/ambar.com\/tienda\/registro\/\" \/>\n<meta property=\"og:locale\" content=\"es_ES\" \/>\n<meta property=\"og:type\" content=\"article\" \/>\n<meta property=\"og:title\" content=\"Registro | Tienda de cervezas online\" \/>\n<meta property=\"og:description\" content=\"Crea tu cuenta\" \/>\n<meta property=\"og:url\" content=\"https:\/\/ambar.com\/tienda\/registro\/\" \/>\n<meta property=\"og:site_name\" content=\"Tienda de cervezas online\" \/>\n<meta property=\"article:publisher\" content=\"https:\/\/www.facebook.com\/cervezasambar\" \/>\n<meta property=\"article:modified_time\" content=\"2025-06-19T07:29:59+00:00\" \/>\n<meta name=\"twitter:card\" content=\"summary_large_image\" \/>\n<meta name=\"twitter:site\" content=\"@cervezasambar\" \/>\n<meta name=\"twitter:label1\" content=\"Tiempo de lectura\" \/>\n\t<meta name=\"twitter:data1\" content=\"1 minuto\" \/>\n<script type=\"application\/ld+json\" class=\"yoast-schema-graph\">{\"@context\":\"https:\\\/\\\/schema.org\",\"@graph\":[{\"@type\":\"WebPage\",\"@id\":\"https:\\\/\\\/ambar.com\\\/tienda\\\/registro\\\/\",\"url\":\"https:\\\/\\\/ambar.com\\\/tienda\\\/registro\\\/\",\"name\":\"Registro | Tienda de cervezas online\",\"isPartOf\":{\"@id\":\"https:\\\/\\\/ambar.com\\\/tienda\\\/#website\"},\"datePublished\":\"2023-03-03T07:22:30+00:00\",\"dateModified\":\"2025-06-19T07:29:59+00:00\",\"inLanguage\":\"es\",\"potentialAction\":[{\"@type\":\"ReadAction\",\"target\":[\"https:\\\/\\\/ambar.com\\\/tienda\\\/registro\\\/\"]}]},{\"@type\":\"WebSite\",\"@id\":\"https:\\\/\\\/ambar.com\\\/tienda\\\/#website\",\"url\":\"https:\\\/\\\/ambar.com\\\/tienda\\\/\",\"name\":\"Tienda de cervezas online\",\"description\":\"Nuestra tienda de cervezas Ambar ofrece diferentes packs cerveceros con la comodidad de ser una tienda de cervezas online. Compra cerveza online con un solo clic.\",\"publisher\":{\"@id\":\"https:\\\/\\\/ambar.com\\\/tienda\\\/#organization\"},\"potentialAction\":[{\"@type\":\"SearchAction\",\"target\":{\"@type\":\"EntryPoint\",\"urlTemplate\":\"https:\\\/\\\/ambar.com\\\/tienda\\\/?s={search_term_string}\"},\"query-input\":{\"@type\":\"PropertyValueSpecification\",\"valueRequired\":true,\"valueName\":\"search_term_string\"}}],\"inLanguage\":\"es\"},{\"@type\":\"Organization\",\"@id\":\"https:\\\/\\\/ambar.com\\\/tienda\\\/#organization\",\"name\":\"Ambar\",\"url\":\"https:\\\/\\\/ambar.com\\\/tienda\\\/\",\"logo\":{\"@type\":\"ImageObject\",\"inLanguage\":\"es\",\"@id\":\"https:\\\/\\\/ambar.com\\\/tienda\\\/#\\\/schema\\\/logo\\\/image\\\/\",\"url\":\"https:\\\/\\\/ambar.com\\\/tienda\\\/wp-content\\\/uploads\\\/2023\\\/01\\\/ambar-logo-red.png\",\"contentUrl\":\"https:\\\/\\\/ambar.com\\\/tienda\\\/wp-content\\\/uploads\\\/2023\\\/01\\\/ambar-logo-red.png\",\"width\":660,\"height\":116,\"caption\":\"Ambar\"},\"image\":{\"@id\":\"https:\\\/\\\/ambar.com\\\/tienda\\\/#\\\/schema\\\/logo\\\/image\\\/\"},\"sameAs\":[\"https:\\\/\\\/www.facebook.com\\\/cervezasambar\",\"https:\\\/\\\/x.com\\\/cervezasambar\",\"https:\\\/\\\/www.instagram.com\\\/cervezasambar\\\/\"]}]}<\/script>\n<!-- \/ Yoast SEO plugin. -->","yoast_head_json":{"title":"Registro | Tienda de cervezas online","robots":{"index":"index","follow":"nofollow","max-snippet":"max-snippet:-1","max-image-preview":"max-image-preview:large","max-video-preview":"max-video-preview:-1"},"canonical":"https:\/\/ambar.com\/tienda\/registro\/","og_locale":"es_ES","og_type":"article","og_title":"Registro | Tienda de cervezas online","og_description":"Crea tu cuenta","og_url":"https:\/\/ambar.com\/tienda\/registro\/","og_site_name":"Tienda de cervezas online","article_publisher":"https:\/\/www.facebook.com\/cervezasambar","article_modified_time":"2025-06-19T07:29:59+00:00","twitter_card":"summary_large_image","twitter_site":"@cervezasambar","twitter_misc":{"Tiempo de lectura":"1 minuto"},"schema":{"@context":"https:\/\/schema.org","@graph":[{"@type":"WebPage","@id":"https:\/\/ambar.com\/tienda\/registro\/","url":"https:\/\/ambar.com\/tienda\/registro\/","name":"Registro | Tienda de cervezas online","isPartOf":{"@id":"https:\/\/ambar.com\/tienda\/#website"},"datePublished":"2023-03-03T07:22:30+00:00","dateModified":"2025-06-19T07:29:59+00:00","inLanguage":"es","potentialAction":[{"@type":"ReadAction","target":["https:\/\/ambar.com\/tienda\/registro\/"]}]},{"@type":"WebSite","@id":"https:\/\/ambar.com\/tienda\/#website","url":"https:\/\/ambar.com\/tienda\/","name":"Tienda de cervezas online","description":"Nuestra tienda de cervezas Ambar ofrece diferentes packs cerveceros con la comodidad de ser una tienda de cervezas online. Compra cerveza online con un solo clic.","publisher":{"@id":"https:\/\/ambar.com\/tienda\/#organization"},"potentialAction":[{"@type":"SearchAction","target":{"@type":"EntryPoint","urlTemplate":"https:\/\/ambar.com\/tienda\/?s={search_term_string}"},"query-input":{"@type":"PropertyValueSpecification","valueRequired":true,"valueName":"search_term_string"}}],"inLanguage":"es"},{"@type":"Organization","@id":"https:\/\/ambar.com\/tienda\/#organization","name":"Ambar","url":"https:\/\/ambar.com\/tienda\/","logo":{"@type":"ImageObject","inLanguage":"es","@id":"https:\/\/ambar.com\/tienda\/#\/schema\/logo\/image\/","url":"https:\/\/ambar.com\/tienda\/wp-content\/uploads\/2023\/01\/ambar-logo-red.png","contentUrl":"https:\/\/ambar.com\/tienda\/wp-content\/uploads\/2023\/01\/ambar-logo-red.png","width":660,"height":116,"caption":"Ambar"},"image":{"@id":"https:\/\/ambar.com\/tienda\/#\/schema\/logo\/image\/"},"sameAs":["https:\/\/www.facebook.com\/cervezasambar","https:\/\/x.com\/cervezasambar","https:\/\/www.instagram.com\/cervezasambar\/"]}]}},"_links":{"self":[{"href":"https:\/\/ambar.com\/tienda\/wp-json\/wp\/v2\/pages\/11077","targetHints":{"allow":["GET"]}}],"collection":[{"href":"https:\/\/ambar.com\/tienda\/wp-json\/wp\/v2\/pages"}],"about":[{"href":"https:\/\/ambar.com\/tienda\/wp-json\/wp\/v2\/types\/page"}],"author":[{"embeddable":true,"href":"https:\/\/ambar.com\/tienda\/wp-json\/wp\/v2\/users\/1"}],"replies":[{"embeddable":true,"href":"https:\/\/ambar.com\/tienda\/wp-json\/wp\/v2\/comments?post=11077"}],"version-history":[{"count":2,"href":"https:\/\/ambar.com\/tienda\/wp-json\/wp\/v2\/pages\/11077\/revisions"}],"predecessor-version":[{"id":145858,"href":"https:\/\/ambar.com\/tienda\/wp-json\/wp\/v2\/pages\/11077\/revisions\/145858"}],"wp:attachment":[{"href":"https:\/\/ambar.com\/tienda\/wp-json\/wp\/v2\/media?parent=11077"}],"curies":[{"name":"wp","href":"https:\/\/api.w.org\/{rel}","templated":true}]}}